{"id":969,"date":"2022-12-01T20:31:05","date_gmt":"2022-12-01T19:31:05","guid":{"rendered":"https:\/\/www.lamapsbc.net\/?page_id=969"},"modified":"2024-11-11T16:17:22","modified_gmt":"2024-11-11T15:17:22","slug":"savons","status":"publish","type":"page","link":"https:\/\/www.lamapsbc.net\/?page_id=969","title":{"rendered":"Savons"},"content":{"rendered":"\n<p>Peggy Cheutin<br>26 Rue de Fismes<br>02220 Ch\u00e9ry-Chartreuve<br>contact@bulledechery.fr<br><a href=\"https:\/\/bulledechery.fr\/\" target=\"_blank\" rel=\"noreferrer noopener\">https:\/\/bulledechery.fr\/<\/a><\/p>\n\n\n\n<p>L&rsquo;amap vous propose depuis la saison 2022 \/ 2023 un nouveau contrat sous forme de \u00ab\u00a0cagnotte\u00a0\u00bb pour des savons, produits d&rsquo;hygi\u00e8ne (shampoing, dentifrice, baume \u00e0 l\u00e8vres, &#8230;) et m\u00e9nager, fabriqu\u00e9s par notre productrice Peggy \u00ab\u00a0Bulle de Chery\u00a0\u00bb (\u00e0 Ch\u00e9ry-Chartreuve, Aisne).<\/p>\n\n\n\n<p>Les contrats sont disponibles <a href=\"https:\/\/www.lamapsbc.net\/?page_id=36\" data-type=\"page\" data-id=\"36\">ici<\/a> avec la liste des produits propos\u00e9s (descriptif complet sur le site de <a href=\"https:\/\/bulledechery.fr\/\" data-type=\"link\" data-id=\"https:\/\/bulledechery.fr\/\" target=\"_blank\" rel=\"noreferrer noopener\">Bulle de Cherry<\/a>). La cagnotte sera consomm\u00e9e sur 3 commandes.<\/p>\n\n\n<div class=\"wp-block-image\">\n<figure class=\"aligncenter size-full\"><a href=\"https:\/\/www.lamapsbc.net\/blog\/wp-content\/uploads\/2022\/12\/image.png\"><img decoding=\"async\" loading=\"lazy\" width=\"385\" height=\"435\" src=\"https:\/\/www.lamapsbc.net\/blog\/wp-content\/uploads\/2022\/12\/image.png\" alt=\"\" class=\"wp-image-970\" srcset=\"https:\/\/www.lamapsbc.net\/blog\/wp-content\/uploads\/2022\/12\/image.png 385w, https:\/\/www.lamapsbc.net\/blog\/wp-content\/uploads\/2022\/12\/image-266x300.png 266w\" sizes=\"(max-width: 385px) 100vw, 385px\" \/><\/a><\/figure><\/div>\n\n\n<p>Pour plus d&rsquo;informations, vous pouvez prendre <a href=\"http:\/\/www.lamapsbc.net\/blog\/?page_id=11\">contact<\/a> avec notre amapienne r\u00e9f\u00e9rente \u00ab\u00a0Savon\u00a0\u00bb :&nbsp;St\u00e9phanie Bouchez<\/p>\n\n\n\n<p><\/p>\n","protected":false},"excerpt":{"rendered":"<p>Peggy Cheutin26 Rue de Fismes02220 Ch\u00e9ry-Chartreuvecontact@bulledechery.frhttps:\/\/bulledechery.fr\/ L&rsquo;amap vous propose depuis la saison 2022 \/ 2023 un nouveau contrat sous forme de \u00ab\u00a0cagnotte\u00a0\u00bb pour des savons, produits d&rsquo;hygi\u00e8ne (shampoing, dentifrice, baume \u00e0 l\u00e8vres, &#8230;) et m\u00e9nager, fabriqu\u00e9s par notre productrice Peggy&hellip; <br \/><a class=\"read-more-button\" href=\"https:\/\/www.lamapsbc.net\/?page_id=969\">Savoir plus<\/a><\/p>\n","protected":false},"author":1,"featured_media":0,"parent":0,"menu_order":0,"comment_status":"closed","ping_status":"closed","template":"","meta":{"footnotes":""},"_links":{"self":[{"href":"https:\/\/www.lamapsbc.net\/index.php?rest_route=\/wp\/v2\/pages\/969"}],"collection":[{"href":"https:\/\/www.lamapsbc.net\/index.php?rest_route=\/wp\/v2\/pages"}],"about":[{"href":"https:\/\/www.lamapsbc.net\/index.php?rest_route=\/wp\/v2\/types\/page"}],"author":[{"embeddable":true,"href":"https:\/\/www.lamapsbc.net\/index.php?rest_route=\/wp\/v2\/users\/1"}],"replies":[{"embeddable":true,"href":"https:\/\/www.lamapsbc.net\/index.php?rest_route=%2Fwp%2Fv2%2Fcomments&post=969"}],"version-history":[{"count":8,"href":"https:\/\/www.lamapsbc.net\/index.php?rest_route=\/wp\/v2\/pages\/969\/revisions"}],"predecessor-version":[{"id":1126,"href":"https:\/\/www.lamapsbc.net\/index.php?rest_route=\/wp\/v2\/pages\/969\/revisions\/1126"}],"wp:attachment":[{"href":"https:\/\/www.lamapsbc.net\/index.php?rest_route=%2Fwp%2Fv2%2Fmedia&parent=969"}],"curies":[{"name":"wp","href":"https:\/\/api.w.org\/{rel}","templated":true}]}}